11, 59
What are the prime factors of 1125990?
2, 3, 5, 12511
What are the prime factors of 18357296?
2, 1147331
List the prime factors of 2113840.
2, 5, 26423
What are the prime factors of 1302945?
3, 5, 7, 12409
What are the prime factors of 60488?
2, 7561
What are the prime factors of 182163?
3, 41, 1481
What are the prime factors of 1463727?
3, 31, 15739
List the prime factors of 383367.
3, 17, 7517
What are the prime factors of 1264896?
2, 3, 61
List the prime factors of 6319658.
2, 41, 77069
List the prime factors of 294303.
3, 98101
What are the prime factors of 18921420?
2, 3, 5, 7, 15017
List the prime factors of 131156.
2, 32789
What are the prime factors of 4539011?
4539011
What are the prime factors of 1347445?
5, 11, 24499
What are the prime factors of 966915?
3, 5, 21487
List the prime factors of 231614.
2, 115807
List the prime factors of 7282735.
5, 1456547
List the prime factors of 35633.
13, 2741
What are the prime factors of 6488788?
2, 487, 3331
What are the prime factors of 497366?
2, 248683
List the prime factors of 4502202.
2, 3, 19, 73, 541
List the prime factors of 1913391.
3, 29, 7331
What are the prime factors of 4935583?
43, 114781
What are the prime factors of 2300726?
2, 1150363
What are the prime factors of 1266722?
2, 31, 20431
List the prime factors of 23189184.
2, 3, 127, 317
List the prime factors of 574567.
7, 79, 1039
List the prime factors of 2173567.
11, 197597
What are the prime factors of 10947797?
7, 1563971
List the prime factors of 680198.
2, 181, 1879
What are the prime factors of 9370208?
2, 292819
List the prime factors of 994256.
2, 62141
List the prime factors of 540316.
2, 7, 23, 839
What are the prime factors of 191875?
5, 307
What are the prime factors of 25626?
2, 3, 4271
What are the prime factors of 50333?
50333
What are the prime factors of 1450579?
13, 241, 463
List the prime factors of 9759985.
5, 1951997
List the prime factors of 421833.
3, 140611
List the prime factors of 331159.
331159
What are the prime factors of 16253275?
5, 17, 167, 229
What are the prime factors of 15831?
3, 1759
List the prime factors of 4674790.
2, 5, 467479
What are the prime factors of 181587?
3, 7, 8647
List the prime factors of 72827.
19, 3833
What are the prime factors of 4478650?
2, 5, 11, 17, 479
What are the prime factors of 142609?
142609
List the prime factors of 1165935.
3, 5, 19, 4091
List the prime factors of 12011.
12011
What are the prime factors of 218790?
2, 3, 5, 11, 13, 17
What are the prime factors of 11678233?
7, 1668319
What are the prime factors of 30195?
3, 5, 11, 61
List the prime factors of 573861.
3, 197, 971
What are the prime factors of 11144?
2, 7, 199
List the prime factors of 378233.
17, 19, 1171
What are the prime factors of 1033747?
11, 13, 7229
What are the prime factors of 27508?
2, 13, 23
List the prime factors of 755505.
3, 5, 103, 163
List the prime factors of 5616002.
2, 7, 23, 107, 163
List the prime factors of 8115224.
2, 13, 78031
List the prime factors of 6889966.
2, 431, 7993
List the prime factors of 35482230.
2, 3, 5, 7, 17, 3313
What are the prime factors of 1233904?
2, 7, 23, 479
List the prime factors of 2402496.
2, 3, 43, 97
List the prime factors of 2515649.
67, 37547
List the prime factors of 2951479.
19, 31, 5011
What are the prime factors of 9925739?
17, 131, 4457
List the prime factors of 159671.
159671
What are the prime factors of 87075?
3, 5, 43
What are the prime factors of 521735?
5, 104347
List the prime factors of 1718456.
2, 214807
List the prime factors of 1747878.
2, 3, 11, 71, 373
List the prime factors of 10799924.
2, 2699981
What are the prime factors of 887425?
5, 7, 11, 461
List the prime factors of 14163670.
2, 5, 409, 3463
What are the prime factors of 17150545?
5, 1459, 2351
List the prime factors of 39482.
2, 19, 1039
List the prime factors of 45203.
17, 2659
What are the prime factors of 790474?
2, 79, 5003
What are the prime factors of 786155?
5, 157231
What are the prime factors of 183554?
2, 7, 1873
List the prime factors of 76176.
2, 3, 23
What are the prime factors of 501683?
7, 13, 37, 149
What are the prime factors of 269255?
5, 7, 157
What are the prime factors of 28786764?
2, 3, 281, 8537
What are the prime factors of 634322?
2, 13, 31, 787
List the prime factors of 3037509.
3, 17, 19853
What are the prime factors of 261051?
3, 7, 31, 401
List the prime factors of 342087.
3, 101, 1129
List the prime factors of 469594.
2, 71, 3307
List the prime factors of 58123.
13, 17, 263
List the prime factors of 1126632.
2, 3, 13, 23, 157
List the prime factors of 5560669.
797, 6977
What are the prime factors of 492502?
2, 246251
List the prime factors of 2509347.
3, 836449
What are the prime factors of 152037?
3, 1877
What are the prime factors of 2526668?
2, 631667
What are the prime factors of 1937059?
1937059
What are the prime factors of 12268644?
2, 3, 1022387
List the prime factors of 4172590.
2, 5, 19, 21961
What are the prime factors of 3894485?
5, 7, 111271
List the prime factors of 398395.
5, 17, 43, 109
What are the prime factors of 9229702?
2, 239, 19309
What are the prime factors of 10142544?
2, 3, 131, 1613
List the prime factors of 360864.
2, 3, 7, 179
List the prime factors of 1293843.
3, 19, 22699
List the prime factors of 23559956.
2, 7, 841427
List the prime factors of 1743765.
3, 5, 101, 1151
List the prime factors of 2683114.
2, 7, 43, 4457
What are the prime factors of 680128?
2, 10627
What are the prime factors of 20608893?
3, 31, 73867
List the prime factors of 1676215.
5, 523, 641
What are the prime factors of 141110?
2, 5, 103, 137
List the prime factors of 1221803.
11, 31, 3583
List the prime factors of 1002240.
2, 3, 5, 29
List the prime factors of 544474.
2, 7, 38891
List the prime factors of 1346389.
11, 122399
List the prime factors of 11341155.
3, 5, 7, 108011
What are the prime factors of 28690?
2, 5, 19, 151
List the prime factors of 25774638.
2, 3, 1511, 2843
What are the prime factors of 270087?
3, 197, 457
What are the prime factors of 12386374?
2, 7, 11, 13, 23, 269
List the prime factors of 5133761.
23, 223207
List the prime factors of 332857.
7, 6793
List the prime factors of 5548490.
2, 5, 554849
What are the prime factors of 1105704?
2, 3, 5119
What are the prime factors of 12479961?
3, 13, 23, 13913
List the prime factors of 126746.
2, 127, 499
What are the prime factors of 190396?
2, 47599
List the prime factors of 601691.
97, 6203
What are the prime factors of 1041997?
11, 94727
List the prime factors of 512555.
5, 23, 4457
What are the prime factors of 5239975?
5, 13, 23, 701
List the prime factors of 12388515.
3, 5, 43, 19207
List the prime factors of 445067.
7, 31, 293
List the prime factors of 123088.
2, 7, 157
What are the prime factors of 1375945?
5, 97, 2837
What are the prime factors of 66697?
66697
List the prime factors of 4824751.
4824751
What are the prime factors of 5887449?
3, 654161
List the prime factors of 1860651.
3, 13, 19, 31
What are the prime factors of 653003?
13, 50231
What are the prime factors of 663369?
3, 7, 31, 1019
List the prime factors of 446350.
2, 5, 79, 113
What are the prime factors of 108008?
2, 23, 587
What are the prime factors of 12241441?
389, 31469
List the prime factors of 1711580.
2, 5, 13, 29, 227
What are the prime factors of 796388?
2, 37, 5381
List the prime factors of 39694.
2, 89, 223
List the prime factors of 3158122.
2, 11, 143551
List the prime factors of 554164.
2, 13, 10657
List the prime factors of 1932089.
1932089
What are the prime factors of 14774520?
2, 3, 5, 123121
List the prime factors of 1320956.
2, 7, 13, 19, 191
List the prime factors of 3712021.
3712021
What are the prime factors of 215600?
2, 5, 7, 11
What are the prime factors of 3343296?
2, 3, 11, 1583
List the prime factors of 697971.
3, 197, 1181
List the prime factors of 541556.
2, 135389
List the prime factors of 1096059.
3, 283, 1291
List the prime factors of 152699.
37, 4127
List the prime factors of 177912.
2, 3, 7, 353
List the prime factors of 13585227.
3, 17, 41, 73, 89
List the prime factors of 5616982.
2, 7, 421, 953
What are the prime factors of 1961586?
2, 3, 11, 9907
What are the prime factors of 58331?
7, 13, 641
List the prime factors of 7318673.
419, 174